{"id":5744,"date":"2023-08-16T10:50:18","date_gmt":"2023-08-16T10:50:18","guid":{"rendered":"https:\/\/www.hes.pl\/?page_id=5744"},"modified":"2023-08-16T10:51:01","modified_gmt":"2023-08-16T10:51:01","slug":"serwis","status":"publish","type":"page","link":"https:\/\/www.hes.pl\/index.php\/serwis\/","title":{"rendered":"Serwis"},"content":{"rendered":"\t\t<div data-elementor-type=\"wp-post\" data-elementor-id=\"5744\" class=\"elementor elementor-5744\">\n\t\t\t\t\t\t<section class=\"elementor-section elementor-top-section elementor-element elementor-element-8c39fce elementor-section-content-middle elementor-section-boxed elementor-section-height-default elementor-section-height-default\" data-id=\"8c39fce\" data-element_type=\"section\" data-settings=\"{&quot;background_background&quot;:&quot;classic&quot;}\">\n\t\t\t\t\t\t\t<div class=\"elementor-background-overlay\"><\/div>\n\t\t\t\t\t\t\t<div class=\"elementor-container elementor-column-gap-no\">\n\t\t\t\t\t<div class=\"elementor-column elementor-col-100 elementor-top-column elementor-element elementor-element-b1952b1\" data-id=\"b1952b1\" data-element_type=\"column\">\n\t\t\t<div class=\"elementor-widget-wrap elementor-element-populated\">\n\t\t\t\t\t\t<div class=\"elementor-element elementor-element-03b93f0 elementor-widget elementor-widget-heading\" data-id=\"03b93f0\" data-element_type=\"widget\" data-widget_type=\"heading.default\">\n\t\t\t\t<div class=\"elementor-widget-container\">\n\t\t\t<h1 class=\"elementor-heading-title elementor-size-default\">Serwis<\/h1>\t\t<\/div>\n\t\t\t\t<\/div>\n\t\t\t\t\t<\/div>\n\t\t<\/div>\n\t\t\t\t\t<\/div>\n\t\t<\/section>\n\t\t\t\t<section class=\"elementor-section elementor-top-section elementor-element elementor-element-2e96f05 elementor-section-boxed elementor-section-height-default elementor-section-height-default\" data-id=\"2e96f05\" data-element_type=\"section\">\n\t\t\t\t\t\t<div class=\"elementor-container elementor-column-gap-default\">\n\t\t\t\t\t<div class=\"elementor-column elementor-col-100 elementor-top-column elementor-element elementor-element-d23db5f\" data-id=\"d23db5f\" data-element_type=\"column\">\n\t\t\t<div class=\"elementor-widget-wrap elementor-element-populated\">\n\t\t\t\t\t\t<div class=\"elementor-element elementor-element-1c89fca elementor-widget elementor-widget-image\" data-id=\"1c89fca\" data-element_type=\"widget\" data-widget_type=\"image.default\">\n\t\t\t\t<div class=\"elementor-widget-container\">\n\t\t\t\t\t\t\t\t\t\t\t\t\t<img fetchpriority=\"high\" decoding=\"async\" width=\"1312\" height=\"480\" src=\"https:\/\/www.hes.pl\/wp-content\/uploads\/2023\/08\/Zrzut-ekranu-2022-09-21-o-13.22.41.png\" class=\"attachment-full size-full wp-image-5746\" alt=\"\" srcset=\"https:\/\/www.hes.pl\/wp-content\/uploads\/2023\/08\/Zrzut-ekranu-2022-09-21-o-13.22.41.png 1312w, https:\/\/www.hes.pl\/wp-content\/uploads\/2023\/08\/Zrzut-ekranu-2022-09-21-o-13.22.41-600x220.png 600w, https:\/\/www.hes.pl\/wp-content\/uploads\/2023\/08\/Zrzut-ekranu-2022-09-21-o-13.22.41-300x110.png 300w, https:\/\/www.hes.pl\/wp-content\/uploads\/2023\/08\/Zrzut-ekranu-2022-09-21-o-13.22.41-1024x375.png 1024w, https:\/\/www.hes.pl\/wp-content\/uploads\/2023\/08\/Zrzut-ekranu-2022-09-21-o-13.22.41-768x281.png 768w\" sizes=\"(max-width: 1312px) 100vw, 1312px\" \/>\t\t\t\t\t\t\t\t\t\t\t\t\t<\/div>\n\t\t\t\t<\/div>\n\t\t\t\t\t<\/div>\n\t\t<\/div>\n\t\t\t\t\t<\/div>\n\t\t<\/section>\n\t\t\t\t<section class=\"elementor-section elementor-top-section elementor-element elementor-element-829f476 elementor-section-boxed elementor-section-height-default elementor-section-height-default\" data-id=\"829f476\" data-element_type=\"section\">\n\t\t\t\t\t\t<div class=\"elementor-container elementor-column-gap-default\">\n\t\t\t\t\t<div class=\"elementor-column elementor-col-100 elementor-top-column elementor-element elementor-element-0badd39\" data-id=\"0badd39\" data-element_type=\"column\">\n\t\t\t<div class=\"elementor-widget-wrap elementor-element-populated\">\n\t\t\t\t\t\t<div class=\"elementor-element elementor-element-64d4cbe elementor-widget elementor-widget-text-editor\" data-id=\"64d4cbe\" data-element_type=\"widget\" data-widget_type=\"text-editor.default\">\n\t\t\t\t<div class=\"elementor-widget-container\">\n\t\t\t\t\t\t\t<p>\u00a0<\/p><p><b>WARUNKI GWARANCJI<\/b><\/p><p>Na warunkach okre\u015blonych w niniejszym dokumencie, HES S.C. z siedzib\u0105 we Wroc\u0142awiu udziela si\u0119 gwarancji<br \/>na sprz\u0119t swojej produkcji, na okres (podane na ko\u0144cu), licz\u0105c od daty sprzeda\u017cy potwierdzonej wpisem w Karcie<br \/>Gwarancyjnej.<br \/>Gwarancj\u0105 obj\u0119te s\u0105 wady, ujawnione w okresie gwarancji, uniemo\u017cliwiaj\u0105ce b\u0105d\u017a utrudniaj\u0105ce jego eksploatacj\u0119<br \/>zgodnie z przeznaczeniem.<br \/>Dla skutecznego wykonania przez u\u017cytkownika sprz\u0119tu uprawnie\u0144 wynikaj\u0105cych z gwarancji niezb\u0119dne jest<br \/>pisemne zawiadomienie Gwaranta o wadzie nie p\u00f3\u017aniej ni\u017c 7 dni od dnia jej wykrycia.<br \/>ZAWIADOMIENIE O WADZIE POWINNO ZOSTA\u0106 PRZES\u0141ANE W FORMIE PISEMNEJ BEZPO\u015aREDNIO NA ADRES GWARANTA<\/p><p>tj. e-mail <a href=\"mailto:INFO@HES.PL\">INFO@HES.PL<\/a> lub tel. 071\u00a0357 25 57<\/p><p>WRAZ ZE ZG\u0141OSZENIEM NALE\u017bY PODA\u0106 NUMER KARTY GWARANCYJNEJ ORAZ FAKTURY B\u0104D\u0179 PARAGONU<br \/>BEZ POWY\u017bSZYCH DOKUMENT\u00d3W NAPRAWA GWARANCYJNIE NIE ZOSTANIE PODJ\u0118TA<\/p><p>Gwarancja obejmuje usuni\u0119cie usterek, kt\u00f3re w spos\u00f3b daj\u0105cy si\u0119 udowodni\u0107 wynikaj\u0105 z zastosowania wadliwych<br \/>materia\u0142\u00f3w lub s\u0105 wynikiem b\u0142\u0119d\u00f3w konstrukcyjnych.<br \/>Gwarancja jest wa\u017cna tylko z piecz\u0105tk\u0105 i podpisem osoby wydaj\u0105cej sprz\u0119t oraz podpisem u\u017cytkownika<br \/>\u015bwiadcz\u0105cym o zapoznaniu si\u0119 z warunkami gwarancji (podpis na specyfikacji dostawy).<br \/>Gwarancj\u0105 nie s\u0105 obj\u0119te czynno\u015bci zwi\u0105zane z konserwacj\u0105, czyszczeniem, regulacj\u0105, do kt\u00f3rych czynno\u015bci<br \/>u\u017cytkownik jest zobowi\u0105zany we w\u0142asnym zakresie.<br \/>Uprawnienia z gwarancji nie przys\u0142uguj\u0105 r\u00f3wnie\u017c w przypadku, gdy ujawniona w sprz\u0119cie wada jest skutkiem:<br \/>1 \u2013 uszkodzenia mechanicznego (przez uszkodzenie mechaniczne nale\u017cy rozumie\u0107 uszkodzenie powsta\u0142e w<br \/>skutek mechanicznego, umy\u015blnego lub nieumy\u015blnego zadzia\u0142ania si\u0142 zewn\u0119trznych na urz\u0105dzenie),<br \/>2 \u2013 uszkodze\u0144 termicznych, chemicznych oraz wszystkich innych b\u0119d\u0105cych nast\u0119pstwem dzia\u0142ania czynnik\u00f3w<br \/>wewn\u0119trznych,<\/p><p>3 \u2013 u\u017cytkowania niezgodnego z instrukcj\u0105 obs\u0142ugi sprz\u0119tu oraz uszkodzenia wynikaj\u0105ce z niew\u0142a\u015bciwej<br \/>eksploatacji,<br \/>4 \u2013 niew\u0142a\u015bciwego zabezpieczenia sprz\u0119tu przed takimi czynnikami jak wilgo\u0107, wysoka b\u0105d\u017a niska temperatura,<br \/>5 \u2013 niestosowania wymaganych (zgodnie z instrukcj\u0105 serwisanta b\u0105d\u017a instrukcj\u0105) materia\u0142\u00f3w konserwacyjnych<br \/>6 \u2013 przer\u00f3bek i zmian konstrukcyjnych, dokonywanych przez u\u017cytkownika lub inne osoby nieuprawnione do<br \/>takiego dzia\u0142ania przez gwaranta<br \/>7 \u2013 umy\u015blnego dzia\u0142ania u\u017cytkownika lub innych os\u00f3b, za kt\u00f3re gwarant odpowiedzialno\u015bci nie ponosi<br \/>8 \u2013 uszkodzenia sprz\u0119tu na skutek nieprawid\u0142owego monta\u017cu<br \/>9 \u2013 uszkodzenia na skutek nieprawid\u0142owego transportu i roz\u0142adunku<br \/>10 \u2013 uszkodzenia zaistnia\u0142e z przyczyn dzia\u0142ania si\u0142 wy\u017cszych \u2013 pow\u00f3d\u017a, po\u017car, dewastacja<\/p><p><b>PROCEDURY REKLAMACYJNE<\/b><\/p><p>Usterki lub wady uniemo\u017cliwiaj\u0105ce korzystanie ze sprz\u0119tu zgodnie z jego przeznaczeniem b\u0119d\u0105 usuwane<br \/>bezp\u0142atnie w terminie nie d\u0142u\u017cszym ni\u017c 14 dni roboczych od chwili dostarczenia sprz\u0119tu do punktu serwisowego.<\/p><p>Wady i usterki nale\u017cy zg\u0142asza\u0107 pisemnie na adres mailowy: info@hes.pl<\/p><p><b>POSTANOWIENIA KO\u0143COWE<\/b><\/p><p>Samowolne zmiany wpis\u00f3w w karcie gwarancyjnej spowoduj\u0105 utrat\u0119 gwarancji. Gwarancja przestanie tak\u017ce<br \/>obowi\u0105zywa\u0107 w przypadku wykonania napraw przez nieautoryzowany serwis. Gwarancja nie przechodzi na<br \/>osoby trzecie. Nieuzasadnione wezwanie serwisu gwarancyjnego spowoduje obci\u0105\u017cenie u\u017cytkownika kosztami tej<br \/>us\u0142ugi oraz kosztami dojazdu (wg. stawki cennika cz\u0119\u015bci zamiennych HES) lub kosztami przesy\u0142ki.<\/p>\t\t\t\t\t\t<\/div>\n\t\t\t\t<\/div>\n\t\t\t\t\t<\/div>\n\t\t<\/div>\n\t\t\t\t\t<\/div>\n\t\t<\/section>\n\t\t\t\t<\/div>\n\t\t","protected":false},"excerpt":{"rendered":"<p>Serwis \u00a0 WARUNKI GWARANCJI Na warunkach okre\u015blonych w niniejszym dokumencie, HES S.C. z siedzib\u0105 we Wroc\u0142awiu udziela si\u0119 gwarancjina sprz\u0119t swojej produkcji, na okres (podane na ko\u0144cu), licz\u0105c od daty sprzeda\u017cy potwierdzonej wpisem w KarcieGwarancyjnej.Gwarancj\u0105 obj\u0119te s\u0105 wady, ujawnione w okresie gwarancji, uniemo\u017cliwiaj\u0105ce b\u0105d\u017a utrudniaj\u0105ce jego eksploatacj\u0119zgodnie z przeznaczeniem.Dla skutecznego wykonania przez u\u017cytkownika sprz\u0119tu uprawnie\u0144 [&hellip;]<\/p>\n","protected":false},"author":1,"featured_media":0,"parent":0,"menu_order":0,"comment_status":"closed","ping_status":"closed","template":"","meta":{"site-sidebar-layout":"no-sidebar","site-content-layout":"page-builder","ast-site-content-layout":"full-width-container","site-content-style":"unboxed","site-sidebar-style":"unboxed","ast-global-header-display":"","ast-banner-title-visibility":"","ast-main-header-display":"","ast-hfb-above-header-display":"","ast-hfb-below-header-display":"","ast-hfb-mobile-header-display":"","site-post-title":"disabled","ast-breadcrumbs-content":"","ast-featured-img":"disabled","footer-sml-layout":"","theme-transparent-header-meta":"enabled","adv-header-id-meta":"","stick-header-meta":"","header-above-stick-meta":"","header-main-stick-meta":"","header-below-stick-meta":"","astra-migrate-meta-layouts":"set","ast-page-background-enabled":"default","ast-page-background-meta":{"desktop":{"background-color":"","background-image":"","background-repeat":"repeat","background-position":"center center","background-size":"auto","background-attachment":"scroll","background-type":"","background-media":"","overlay-type":"","overlay-color":"","overlay-opacity":"","overlay-gradient":""},"tablet":{"background-color":"","background-image":"","background-repeat":"repeat","background-position":"center center","background-size":"auto","background-attachment":"scroll","background-type":"","background-media":"","overlay-type":"","overlay-color":"","overlay-opacity":"","overlay-gradient":""},"mobile":{"background-color":"","background-image":"","background-repeat":"repeat","background-position":"center center","background-size":"auto","background-attachment":"scroll","background-type":"","background-media":"","overlay-type":"","overlay-color":"","overlay-opacity":"","overlay-gradient":""}},"ast-content-background-meta":{"desktop":{"background-color":"var(--ast-global-color-5)","background-image":"","background-repeat":"repeat","background-position":"center center","background-size":"auto","background-attachment":"scroll","background-type":"","background-media":"","overlay-type":"","overlay-color":"","overlay-opacity":"","overlay-gradient":""},"tablet":{"background-color":"var(--ast-global-color-5)","background-image":"","background-repeat":"repeat","background-position":"center center","background-size":"auto","background-attachment":"scroll","background-type":"","background-media":"","overlay-type":"","overlay-color":"","overlay-opacity":"","overlay-gradient":""},"mobile":{"background-color":"var(--ast-global-color-5)","background-image":"","background-repeat":"repeat","background-position":"center center","background-size":"auto","background-attachment":"scroll","background-type":"","background-media":"","overlay-type":"","overlay-color":"","overlay-opacity":"","overlay-gradient":""}},"footnotes":""},"class_list":["post-5744","page","type-page","status-publish","hentry"],"_links":{"self":[{"href":"https:\/\/www.hes.pl\/index.php\/wp-json\/wp\/v2\/pages\/5744","targetHints":{"allow":["GET"]}}],"collection":[{"href":"https:\/\/www.hes.pl\/index.php\/wp-json\/wp\/v2\/pages"}],"about":[{"href":"https:\/\/www.hes.pl\/index.php\/wp-json\/wp\/v2\/types\/page"}],"author":[{"embeddable":true,"href":"https:\/\/www.hes.pl\/index.php\/wp-json\/wp\/v2\/users\/1"}],"replies":[{"embeddable":true,"href":"https:\/\/www.hes.pl\/index.php\/wp-json\/wp\/v2\/comments?post=5744"}],"version-history":[{"count":11,"href":"https:\/\/www.hes.pl\/index.php\/wp-json\/wp\/v2\/pages\/5744\/revisions"}],"predecessor-version":[{"id":5814,"href":"https:\/\/www.hes.pl\/index.php\/wp-json\/wp\/v2\/pages\/5744\/revisions\/5814"}],"wp:attachment":[{"href":"https:\/\/www.hes.pl\/index.php\/wp-json\/wp\/v2\/media?parent=5744"}],"curies":[{"name":"wp","href":"https:\/\/api.w.org\/{rel}","templated":true}]}}