{"id":4331,"date":"2023-08-16T10:41:24","date_gmt":"2023-08-16T10:41:24","guid":{"rendered":"https:\/\/www.hes.pl\/?post_type=product&#038;p=4331"},"modified":"2023-11-02T08:44:25","modified_gmt":"2023-11-02T08:44:25","slug":"atlas-wielostanowiskowy-brama-5-stanowiskowa-r-21","status":"publish","type":"product","link":"https:\/\/www.hes.pl\/index.php\/produkt\/atlas-wielostanowiskowy-brama-5-stanowiskowa-r-21\/","title":{"rendered":"Atlas wielostanowiskowy \u2013 Brama 5-stanowiskowa R-21"},"content":{"rendered":"","protected":false},"excerpt":{"rendered":"<p>Wyci\u0105g wielofunkcyjny o szerokiej mo\u017cliwo\u015bci \u0107wicze\u0144 wszystkich mi\u0119\u015bni w sk\u0142ad wchodz\u0105 urz\u0105dzenia:<\/p>\n<p>R-11 wyci\u0105g wielofunkcyjny- brama<\/p>\n<p>1\/2\/ R-11 wyci\u0105g wielofunkcyjny \u2013 I kolumna<\/p>\n<p>R-2 urz\u0105dzenie mm. najszerszy grzbietu \u2013 wyci\u0105g g\u00f3rny<\/p>\n<p>R13 urz\u0105dzenie mm. najszerszy grzbietu \u2013 wyci\u0105g dolny<\/p>\n<p>Gryfy zaczepowe: G2 + G8 + G9 + 2 x R6 + sznur<\/p>\n","protected":false},"featured_media":6172,"template":"","meta":{"site-sidebar-layout":"default","site-content-layout":"","ast-site-content-layout":"default","site-content-style":"default","site-sidebar-style":"default","ast-global-header-display":"","ast-banner-title-visibility":"","ast-main-header-display":"","ast-hfb-above-header-display":"","ast-hfb-below-header-display":"","ast-hfb-mobile-header-display":"","site-post-title":"","ast-breadcrumbs-content":"","ast-featured-img":"","footer-sml-layout":"","theme-transparent-header-meta":"default","adv-header-id-meta":"","stick-header-meta":"","header-above-stick-meta":"","header-main-stick-meta":"","header-below-stick-meta":"","astra-migrate-meta-layouts":"set","ast-page-background-enabled":"default","ast-page-background-meta":{"desktop":{"background-color":"","background-image":"","background-repeat":"repeat","background-position":"center center","background-size":"auto","background-attachment":"scroll","background-type":"","background-media":"","overlay-type":"","overlay-color":"","overlay-opacity":"","overlay-gradient":""},"tablet":{"background-color":"","background-image":"","background-repeat":"repeat","background-position":"center center","background-size":"auto","background-attachment":"scroll","background-type":"","background-media":"","overlay-type":"","overlay-color":"","overlay-opacity":"","overlay-gradient":""},"mobile":{"background-color":"","background-image":"","background-repeat":"repeat","background-position":"center center","background-size":"auto","background-attachment":"scroll","background-type":"","background-media":"","overlay-type":"","overlay-color":"","overlay-opacity":"","overlay-gradient":""}},"ast-content-background-meta":{"desktop":{"background-color":"var(--ast-global-color-5)","background-image":"","background-repeat":"repeat","background-position":"center center","background-size":"auto","background-attachment":"scroll","background-type":"","background-media":"","overlay-type":"","overlay-color":"","overlay-opacity":"","overlay-gradient":""},"tablet":{"background-color":"var(--ast-global-color-5)","background-image":"","background-repeat":"repeat","background-position":"center center","background-size":"auto","background-attachment":"scroll","background-type":"","background-media":"","overlay-type":"","overlay-color":"","overlay-opacity":"","overlay-gradient":""},"mobile":{"background-color":"var(--ast-global-color-5)","background-image":"","background-repeat":"repeat","background-position":"center center","background-size":"auto","background-attachment":"scroll","background-type":"","background-media":"","overlay-type":"","overlay-color":"","overlay-opacity":"","overlay-gradient":""}}},"product_cat":[68],"product_tag":[],"class_list":{"0":"post-4331","1":"product","2":"type-product","3":"status-publish","4":"has-post-thumbnail","6":"product_cat-linia-r-line","7":"desktop-align-left","8":"tablet-align-left","9":"mobile-align-left","11":"first","12":"instock","13":"shipping-taxable","14":"product-type-simple"},"_links":{"self":[{"href":"https:\/\/www.hes.pl\/index.php\/wp-json\/wp\/v2\/product\/4331","targetHints":{"allow":["GET"]}}],"collection":[{"href":"https:\/\/www.hes.pl\/index.php\/wp-json\/wp\/v2\/product"}],"about":[{"href":"https:\/\/www.hes.pl\/index.php\/wp-json\/wp\/v2\/types\/product"}],"version-history":[{"count":2,"href":"https:\/\/www.hes.pl\/index.php\/wp-json\/wp\/v2\/product\/4331\/revisions"}],"predecessor-version":[{"id":6884,"href":"https:\/\/www.hes.pl\/index.php\/wp-json\/wp\/v2\/product\/4331\/revisions\/6884"}],"wp:featuredmedia":[{"embeddable":true,"href":"https:\/\/www.hes.pl\/index.php\/wp-json\/wp\/v2\/media\/6172"}],"wp:attachment":[{"href":"https:\/\/www.hes.pl\/index.php\/wp-json\/wp\/v2\/media?parent=4331"}],"wp:term":[{"taxonomy":"product_cat","embeddable":true,"href":"https:\/\/www.hes.pl\/index.php\/wp-json\/wp\/v2\/product_cat?post=4331"},{"taxonomy":"product_tag","embeddable":true,"href":"https:\/\/www.hes.pl\/index.php\/wp-json\/wp\/v2\/product_tag?post=4331"}],"curies":[{"name":"wp","href":"https:\/\/api.w.org\/{rel}","templated":true}]}}