{"id":4493,"date":"2023-08-16T10:41:43","date_gmt":"2023-08-16T10:41:43","guid":{"rendered":"https:\/\/www.hes.pl\/?post_type=product&#038;p=4493"},"modified":"2026-03-10T08:07:19","modified_gmt":"2026-03-10T08:07:19","slug":"obciazenie-zawodnicze","status":"publish","type":"product","link":"https:\/\/www.hes.pl\/index.php\/produkt\/obciazenie-zawodnicze\/","title":{"rendered":"Obci\u0105\u017cenie zawodnicze fi50"},"content":{"rendered":"<table width=\"614\">\n<tbody>\n<tr>\n<td width=\"406\">OBCI\u0104\u017bENIA Talerzowe zawodnicze<\/td>\n<td width=\"122\">SYMBOL<\/td>\n<td width=\"86\">sztuki<\/td>\n<\/tr>\n<tr>\n<td width=\"406\">Ko\u0142o zawodnicze 1,25 kg<\/td>\n<td width=\"122\">1,25KG-Z<\/td>\n<td width=\"86\">1 szt.<\/td>\n<\/tr>\n<tr>\n<td width=\"406\">Ko\u0142o zawodnicze 2,5 kg<\/td>\n<td width=\"122\">2.5KG-Z<\/td>\n<td width=\"86\">1 szt.<\/td>\n<\/tr>\n<tr>\n<td width=\"406\">Ko\u0142o zawodnicze 5 kg<\/td>\n<td width=\"122\">5KG-Z<\/td>\n<td width=\"86\">1 szt.<\/td>\n<\/tr>\n<tr>\n<td width=\"406\">Ko\u0142o zawodnicze 10kg<\/td>\n<td width=\"122\">10KG-Z<\/td>\n<td width=\"86\">1 szt.<\/td>\n<\/tr>\n<tr>\n<td width=\"406\">Ko\u0142o zawodnicze 15kg<\/td>\n<td width=\"122\">15KG-Z<\/td>\n<td width=\"86\">1 szt.<\/td>\n<\/tr>\n<tr>\n<td width=\"406\">Ko\u0142o zawodnicze 20kg<\/td>\n<td width=\"122\">20KG-Z<\/td>\n<td width=\"86\">1 szt.<\/td>\n<\/tr>\n<tr>\n<td width=\"406\">Ko\u0142o zawodnicze 25kg<\/td>\n<td width=\"122\">25KG-Z<\/td>\n<td width=\"86\">1 szt.<\/td>\n<\/tr>\n<tr>\n<td width=\"406\">Zestaw Obci\u0105\u017ce\u0144 Talerzowych Zawodniczych po 2 szt z ka\u017cdej wagi (\u0142\u0105cznie waga 157,5 kg)<\/td>\n<td width=\"122\">Z-KZ<\/td>\n<td width=\"86\">1 KPL<\/td>\n<\/tr>\n<\/tbody>\n<\/table>\n","protected":false},"excerpt":{"rendered":"<p>Profesjonalne \u017celiwne obci\u0105\u017cenia zawodnicze dedykowane do tr\u00f3jboju si\u0142owego.<br \/>\nZestaw sk\u0142ada si\u0119 z k\u00f3\u0142: 2x 1,25kg, 2,5 kg, 5 kg, 10 kg, 15 kg, 20 kg, 25 kg<\/p>\n<p>Mo\u017cliwo\u015b\u0107 zam\u00f3wienia pojedynczych wag<\/p>\n","protected":false},"featured_media":5930,"template":"","meta":{"site-sidebar-layout":"default","site-content-layout":"","ast-site-content-layout":"default","site-content-style":"default","site-sidebar-style":"default","ast-global-header-display":"","ast-banner-title-visibility":"","ast-main-header-display":"","ast-hfb-above-header-display":"","ast-hfb-below-header-display":"","ast-hfb-mobile-header-display":"","site-post-title":"","ast-breadcrumbs-content":"","ast-featured-img":"","footer-sml-layout":"","theme-transparent-header-meta":"default","adv-header-id-meta":"","stick-header-meta":"","header-above-stick-meta":"","header-main-stick-meta":"","header-below-stick-meta":"","astra-migrate-meta-layouts":"set","ast-page-background-enabled":"default","ast-page-background-meta":{"desktop":{"background-color":"","background-image":"","background-repeat":"repeat","background-position":"center center","background-size":"auto","background-attachment":"scroll","background-type":"","background-media":"","overlay-type":"","overlay-color":"","overlay-opacity":"","overlay-gradient":""},"tablet":{"background-color":"","background-image":"","background-repeat":"repeat","background-position":"center center","background-size":"auto","background-attachment":"scroll","background-type":"","background-media":"","overlay-type":"","overlay-color":"","overlay-opacity":"","overlay-gradient":""},"mobile":{"background-color":"","background-image":"","background-repeat":"repeat","background-position":"center center","background-size":"auto","background-attachment":"scroll","background-type":"","background-media":"","overlay-type":"","overlay-color":"","overlay-opacity":"","overlay-gradient":""}},"ast-content-background-meta":{"desktop":{"background-color":"var(--ast-global-color-5)","background-image":"","background-repeat":"repeat","background-position":"center center","background-size":"auto","background-attachment":"scroll","background-type":"","background-media":"","overlay-type":"","overlay-color":"","overlay-opacity":"","overlay-gradient":""},"tablet":{"background-color":"var(--ast-global-color-5)","background-image":"","background-repeat":"repeat","background-position":"center center","background-size":"auto","background-attachment":"scroll","background-type":"","background-media":"","overlay-type":"","overlay-color":"","overlay-opacity":"","overlay-gradient":""},"mobile":{"background-color":"var(--ast-global-color-5)","background-image":"","background-repeat":"repeat","background-position":"center center","background-size":"auto","background-attachment":"scroll","background-type":"","background-media":"","overlay-type":"","overlay-color":"","overlay-opacity":"","overlay-gradient":""}}},"product_cat":[75],"product_tag":[],"class_list":{"0":"post-4493","1":"product","2":"type-product","3":"status-publish","4":"has-post-thumbnail","6":"product_cat-obciazenia-wolny-ciezar","7":"desktop-align-left","8":"tablet-align-left","9":"mobile-align-left","11":"first","12":"instock","13":"shipping-taxable","14":"product-type-simple"},"_links":{"self":[{"href":"https:\/\/www.hes.pl\/index.php\/wp-json\/wp\/v2\/product\/4493","targetHints":{"allow":["GET"]}}],"collection":[{"href":"https:\/\/www.hes.pl\/index.php\/wp-json\/wp\/v2\/product"}],"about":[{"href":"https:\/\/www.hes.pl\/index.php\/wp-json\/wp\/v2\/types\/product"}],"version-history":[{"count":2,"href":"https:\/\/www.hes.pl\/index.php\/wp-json\/wp\/v2\/product\/4493\/revisions"}],"predecessor-version":[{"id":7051,"href":"https:\/\/www.hes.pl\/index.php\/wp-json\/wp\/v2\/product\/4493\/revisions\/7051"}],"wp:featuredmedia":[{"embeddable":true,"href":"https:\/\/www.hes.pl\/index.php\/wp-json\/wp\/v2\/media\/5930"}],"wp:attachment":[{"href":"https:\/\/www.hes.pl\/index.php\/wp-json\/wp\/v2\/media?parent=4493"}],"wp:term":[{"taxonomy":"product_cat","embeddable":true,"href":"https:\/\/www.hes.pl\/index.php\/wp-json\/wp\/v2\/product_cat?post=4493"},{"taxonomy":"product_tag","embeddable":true,"href":"https:\/\/www.hes.pl\/index.php\/wp-json\/wp\/v2\/product_tag?post=4493"}],"curies":[{"name":"wp","href":"https:\/\/api.w.org\/{rel}","templated":true}]}}