{"id":6151,"date":"2023-08-18T10:16:14","date_gmt":"2023-08-18T10:16:14","guid":{"rendered":"https:\/\/www.hes.pl\/?post_type=product&#038;p=6151"},"modified":"2023-10-26T10:48:01","modified_gmt":"2023-10-26T10:48:01","slug":"box-drewniany-skrzynia","status":"publish","type":"product","link":"https:\/\/www.hes.pl\/index.php\/produkt\/box-drewniany-skrzynia\/","title":{"rendered":"Box drewniany \/ skrzynia"},"content":{"rendered":"<p><strong>Box drewniany<\/strong>\u00a0to\u00a0<strong>praktyczny przyrz\u0105d fitness<\/strong>\u00a0o szerokim zakresie zastosowania, kt\u00f3ry doceni\u0105 przede wszystkim\u00a0<strong>mi\u0142o\u015bnicy fitnessu<\/strong>\u00a0czy\u00a0<strong>CrossFitu<\/strong>. \u00a0<strong>Skrzynia<\/strong>\u00a0posiada\u00a0<strong>2 praktyczne wyci\u0119te uchwyty<\/strong>\u00a0po bokach\u00a0<strong>dla \u0142atwiejszego przenoszenia<\/strong>, kt\u00f3re s\u0142u\u017c\u0105 r\u00f3wnie\u017c jako\u00a0<strong>dodatkowe wsparcie podczas wykonywania \u0107wicze\u0144.<\/strong>\u00a0<strong>Maksymalne obci\u0105\u017cenie<\/strong> <strong>wynosi 200 kg.<\/strong><\/p>\n<p>Dzi\u0119ki\u00a0<strong>mo\u017cliwo\u015bci przewr\u00f3cenia skrzyni na r\u00f3\u017cne boki<\/strong>, mo\u017cesz sam decydowa\u0107 z jak\u0105 wysoko\u015bci\u0105 chcesz mie\u0107 do czynienia. Poza tym drewno jest bardzo wytrzyma\u0142e g\u0142\u00f3wnie dzi\u0119ki\u00a0<strong>puzzlowym zak\u0142adkom<\/strong>, a odpowiednia powierzchnia zapewnia przyczepno\u015b\u0107 do obuwia podczas skok\u00f3w.<\/p>\n","protected":false},"excerpt":{"rendered":"<p>Box drewniany\u00a0to\u00a0praktyczny przyrz\u0105d fitness\u00a0o szerokim zakresie zastosowania, kt\u00f3ry doceni\u0105 przede wszystkim\u00a0mi\u0142o\u015bnicy fitnessu\u00a0czy\u00a0CrossFitu. \u00a0Skrzynia\u00a0posiada\u00a02 praktyczne wyci\u0119te uchwyty\u00a0po bokach\u00a0dla \u0142atwiejszego przenoszenia, kt\u00f3re s\u0142u\u017c\u0105 r\u00f3wnie\u017c jako\u00a0dodatkowe wsparcie podczas wykonywania \u0107wicze\u0144.\u00a0Maksymalne obci\u0105\u017cenie wynosi 200 kg. Dzi\u0119ki\u00a0mo\u017cliwo\u015bci przewr\u00f3cenia skrzyni na r\u00f3\u017cne boki, mo\u017cesz sam decydowa\u0107 z jak\u0105 wysoko\u015bci\u0105 chcesz mie\u0107 do czynienia. Poza tym drewno jest bardzo wytrzyma\u0142e g\u0142\u00f3wnie dzi\u0119ki\u00a0puzzlowym [&hellip;]<\/p>\n","protected":false},"featured_media":6152,"template":"","meta":{"site-sidebar-layout":"default","site-content-layout":"","ast-site-content-layout":"default","site-content-style":"default","site-sidebar-style":"default","ast-global-header-display":"","ast-banner-title-visibility":"","ast-main-header-display":"","ast-hfb-above-header-display":"","ast-hfb-below-header-display":"","ast-hfb-mobile-header-display":"","site-post-title":"","ast-breadcrumbs-content":"","ast-featured-img":"","footer-sml-layout":"","theme-transparent-header-meta":"default","adv-header-id-meta":"","stick-header-meta":"","header-above-stick-meta":"","header-main-stick-meta":"","header-below-stick-meta":"","astra-migrate-meta-layouts":"set","ast-page-background-enabled":"default","ast-page-background-meta":{"desktop":{"background-color":"","background-image":"","background-repeat":"repeat","background-position":"center center","background-size":"auto","background-attachment":"scroll","background-type":"","background-media":"","overlay-type":"","overlay-color":"","overlay-opacity":"","overlay-gradient":""},"tablet":{"background-color":"","background-image":"","background-repeat":"repeat","background-position":"center center","background-size":"auto","background-attachment":"scroll","background-type":"","background-media":"","overlay-type":"","overlay-color":"","overlay-opacity":"","overlay-gradient":""},"mobile":{"background-color":"","background-image":"","background-repeat":"repeat","background-position":"center center","background-size":"auto","background-attachment":"scroll","background-type":"","background-media":"","overlay-type":"","overlay-color":"","overlay-opacity":"","overlay-gradient":""}},"ast-content-background-meta":{"desktop":{"background-color":"var(--ast-global-color-5)","background-image":"","background-repeat":"repeat","background-position":"center center","background-size":"auto","background-attachment":"scroll","background-type":"","background-media":"","overlay-type":"","overlay-color":"","overlay-opacity":"","overlay-gradient":""},"tablet":{"background-color":"var(--ast-global-color-5)","background-image":"","background-repeat":"repeat","background-position":"center center","background-size":"auto","background-attachment":"scroll","background-type":"","background-media":"","overlay-type":"","overlay-color":"","overlay-opacity":"","overlay-gradient":""},"mobile":{"background-color":"var(--ast-global-color-5)","background-image":"","background-repeat":"repeat","background-position":"center center","background-size":"auto","background-attachment":"scroll","background-type":"","background-media":"","overlay-type":"","overlay-color":"","overlay-opacity":"","overlay-gradient":""}}},"product_cat":[62],"product_tag":[],"class_list":{"0":"post-6151","1":"product","2":"type-product","3":"status-publish","4":"has-post-thumbnail","6":"product_cat-akcesoria-akcesoria","7":"desktop-align-left","8":"tablet-align-left","9":"mobile-align-left","11":"first","12":"instock","13":"shipping-taxable","14":"product-type-simple"},"_links":{"self":[{"href":"https:\/\/www.hes.pl\/index.php\/wp-json\/wp\/v2\/product\/6151","targetHints":{"allow":["GET"]}}],"collection":[{"href":"https:\/\/www.hes.pl\/index.php\/wp-json\/wp\/v2\/product"}],"about":[{"href":"https:\/\/www.hes.pl\/index.php\/wp-json\/wp\/v2\/types\/product"}],"version-history":[{"count":3,"href":"https:\/\/www.hes.pl\/index.php\/wp-json\/wp\/v2\/product\/6151\/revisions"}],"predecessor-version":[{"id":6365,"href":"https:\/\/www.hes.pl\/index.php\/wp-json\/wp\/v2\/product\/6151\/revisions\/6365"}],"wp:featuredmedia":[{"embeddable":true,"href":"https:\/\/www.hes.pl\/index.php\/wp-json\/wp\/v2\/media\/6152"}],"wp:attachment":[{"href":"https:\/\/www.hes.pl\/index.php\/wp-json\/wp\/v2\/media?parent=6151"}],"wp:term":[{"taxonomy":"product_cat","embeddable":true,"href":"https:\/\/www.hes.pl\/index.php\/wp-json\/wp\/v2\/product_cat?post=6151"},{"taxonomy":"product_tag","embeddable":true,"href":"https:\/\/www.hes.pl\/index.php\/wp-json\/wp\/v2\/product_tag?post=6151"}],"curies":[{"name":"wp","href":"https:\/\/api.w.org\/{rel}","templated":true}]}}